{"id":3271,"date":"2023-12-09T05:54:38","date_gmt":"2023-12-09T05:54:38","guid":{"rendered":"https:\/\/cclit.com.bd\/?post_type=product&#038;p=3271"},"modified":"2023-12-09T10:06:13","modified_gmt":"2023-12-09T10:06:13","slug":"hikvision-ds-2cd2t43g2-2i-4mp-ip-bullet-camera","status":"publish","type":"product","link":"https:\/\/cclit.com.bd\/?product=hikvision-ds-2cd2t43g2-2i-4mp-ip-bullet-camera","title":{"rendered":"Hikvision DS-2CD2T43G2-2I 4MP IP Bullet Camera"},"content":{"rendered":"<section id=\"specification\" class=\"specification-tab m-tb-10\">\n<div class=\"section-head\">\n<h2>Specification<\/h2>\n<\/div>\n<table class=\"data-table flex-table\" cellspacing=\"0\" cellpadding=\"0\">\n<colgroup>\n<col class=\"name\" \/>\n<col class=\"value\" \/><\/colgroup>\n<thead>\n<tr>\n<td class=\"heading-row\" colspan=\"3\">Camera Feature<\/td>\n<\/tr>\n<\/thead>\n<tbody>\n<tr>\n<td class=\"name\">Image Sensor<\/td>\n<td class=\"value\">1\/3&#8243; Progressive Scan CMOS<br \/>\nVideo Compression:<br \/>\nH.265+\/H.265\/H.264+\/H.264\/MJPEG<br \/>\nVideo bit rate:<br \/>\n256Kbps~16Mbps<br \/>\nTriple Streams:<br \/>\nYes<\/td>\n<\/tr>\n<tr>\n<td class=\"name\">Effective Pixels<\/td>\n<td class=\"value\">Image- 4 MP<br \/>\nMax. Image Resolution:<br \/>\n2688 \u00d7 1520<br \/>\nFrame Rate:<br \/>\n50Hz:25fps (2688 \u00d7 1520, 2560 \u00d7 1440, 2304 \u00d7 1296, 1920 \u00d7 1080)<br \/>\n60Hz: 30fps (2688 \u00d7 1520, 2560 \u00d7 1440, 2304 \u00d7 1296, 1920 \u00d7 1080)<br \/>\nSub Stream:<br \/>\n50Hz: 25fps (640 \u00d7 480, 640 \u00d7 360, 320 \u00d7 240)<br \/>\n60Hz: 30fps (640 \u00d7 480, 640 \u00d7 360, 320 \u00d7 240)<br \/>\nThird Stream:<br \/>\n50Hz: 25fps (1280 \u00d7 720, 640 \u00d7 360, 352 \u00d7 288)<br \/>\n60Hz: 30fps (1280 \u00d7 720, 640 \u00d7 360, 352 \u00d7 240)<br \/>\nImage Enhancement:<br \/>\nBLC\/3D DNR\/ROI\/HLC<br \/>\nImage Settings:<br \/>\nRotate mode, saturation, brightness, contrast, sharpness and white balance adjustable by client software or web browser<br \/>\nTarget Cropping:<br \/>\nNo<br \/>\nROI:<br \/>\n1 fixed region for main stream and sub-stream<br \/>\nDay\/Night Switch:<br \/>\nDay\/Night\/Auto\/Schedule<\/td>\n<\/tr>\n<tr>\n<td class=\"name\">IR Distance<\/td>\n<td class=\"value\">Up to 60 m IR range<\/td>\n<\/tr>\n<tr>\n<td class=\"name\">Others<\/td>\n<td class=\"value\">Behavior Analysis:<br \/>\nLine crossing detection, intrusion detection<br \/>\nLine Crossing Detection:<br \/>\nCross a pre-defined virtual line<br \/>\nIntrusion Detection:<br \/>\nEnter and loiter in a pre-defined virtual region<br \/>\nDetection\/Recognition:<br \/>\nFace Detection<\/td>\n<\/tr>\n<\/tbody>\n<thead>\n<tr>\n<td class=\"heading-row\" colspan=\"3\">Lens<\/td>\n<\/tr>\n<\/thead>\n<tbody>\n<tr>\n<td class=\"name\">Focal Length<\/td>\n<td class=\"value\">2.8 mm @ F1.6: horizontal FOV: 103\u00b0, vertical FOV: 58\u00b0, diagonal FOV: 123\u00b0<br \/>\n4 mm @F1.6: horizontal FOV: 83\u00b0, vertical FOV: 45\u00b0, diagonal FOV: 99\u00b0<br \/>\n6 mm @F1.6: horizontal FOV: 51\u00b0, vertical FOV: 29\u00b0, diagonal FOV: 58\u00b0<br \/>\n8 mm @F1.6: horizontal FOV: 39\u00b0, vertical FOV: 22\u00b0, diagonal FOV: 45\u00b0<\/td>\n<\/tr>\n<tr>\n<td class=\"name\">Angle of View<\/td>\n<td class=\"value\">Adjustment Range:<br \/>\nPan: 0\u00b0 to 360\u00b0, tilt: 0\u00b0 to 100\u00b0, rotate: 0\u00b0 to 360\u00b0<\/td>\n<\/tr>\n<tr>\n<td class=\"name\">Others<\/td>\n<td class=\"value\">Day&amp; Night:<br \/>\nIR cut filter with auto switch<br \/>\nWide Dynamic Range:<br \/>\n120 dB<br \/>\nDigital noise reduction:<br \/>\n3D DNR<br \/>\nFocus:<br \/>\nFixed<\/td>\n<\/tr>\n<\/tbody>\n<thead>\n<tr>\n<td class=\"heading-row\" colspan=\"3\">Physical Specification<\/td>\n<\/tr>\n<\/thead>\n<tbody>\n<tr>\n<td class=\"name\">Dimension<\/td>\n<td class=\"value\">Camera: \u03a6 105 \u00d7 299.7 mm (\u03a6 4.1&#8243; \u00d7 11.8&#8243;)<br \/>\nPackage: 386 \u00d7 156 \u00d7 155 mm (15.2&#8243; \u00d7 6.14&#8243; \u00d7 6.1&#8243;)<\/td>\n<\/tr>\n<tr>\n<td class=\"name\">Weight<\/td>\n<td class=\"value\">Camera: Approx. 1180 g (2.6 lb.)<br \/>\nWith Package: Approx. 1700 g (3.7 lb.)<\/td>\n<\/tr>\n<tr>\n<td class=\"name\">Power<\/td>\n<td class=\"value\">Power Supply:<br \/>\n12 VDC \u00b1 25%, PoE (802.3af Class3)<br \/>\nPower Consumption:<br \/>\nI8:12 VDC, 0.95A, max. 11.5W<br \/>\nPoE (802.3af, 37V to 57V), 0.35A to 0.1A, max. 12.5W<\/td>\n<\/tr>\n<tr>\n<td class=\"name\">Interface<\/td>\n<td class=\"value\">Communication Interface:<br \/>\n1 RJ45 10M \/ 100M Ethernet interface<br \/>\nOn-board storage:<br \/>\nBuilt-in Micro SD\/SDHC\/SDXC slot, up to 128 GB<br \/>\nReset Button:<br \/>\nYes<\/td>\n<\/tr>\n<tr>\n<td class=\"name\">Others<\/td>\n<td class=\"value\">Lens Mount:<br \/>\nM12<br \/>\nAdjustment Range:<br \/>\nPan: 0\u00b0 to 360\u00b0, tilt: 0\u00b0 to 100\u00b0, rotate: 0\u00b0 to 360\u00b0<br \/>\nDay&amp; Night:<br \/>\nIR cut filter with auto switch<br \/>\nWide Dynamic Range:<br \/>\n120 dB<br \/>\nDigital noise reduction:<br \/>\n3D DNR<br \/>\nFocus:<br \/>\nFixed<\/td>\n<\/tr>\n<\/tbody>\n<\/table>\n<\/section>\n<section id=\"description\" class=\"description bg-white m-tb-15\">\n<div class=\"section-head\">\n<h2>Description<\/h2>\n<\/div>\n<div class=\"full-description\">\n<h2>Hikvision DS-2CD2T43G2-2I 4MP IP Bullet Camera<\/h2>\n<div>Hikvision DS-2CD2T43G2-2I is a 4MegaPixel IP Bullet Camera. It offers high-quality imaging with 4 MegaPixel and 2688 x 1520 pixel resolution. The Sensor is a 1\/3 &#8221; Progressive Scan CMOS. It can deliver clear imaging against strong backlight due to 120 dB WDR technology. It also has efficient H.265+ compression technology. this camera has IP67 water and dust-resistant rating. With the Progressive Scanning system; the Matrix size is 4 Mpx. The size of the Lens is 2.8 mm and the viewing angle is around 103 degrees. The Compression supported is H.265+ \/ H.265 \/ H.264+ \/ H.264 \/ MJPEG With a 60M Range of IR illumination. It can support Micro SD memory cards up to 256GB support for local recording. The mainstream frame rate is 25 fps @ 4 Mpx The network interface is 10\/100 Base-T, RJ-45. Supported Network protocols are TCP\/IP, ICMP, HTTP, HTTPS, FTP, DHCP, DNS, DDNS, RTP, RTSP, NTP, UPnP, SMTP, IGMP, IEEE 802.1x, QoS, IPv6, UDP, Bonjour, SSL \/ TLS, PPPoE. It supports high-efficiency infrared LEDs technology, which evenly covers the whole plan of both central vantage points of the scene as well as the corners. It also has Automatic Network Replenishment allows saving images to the card when the network connection with DVR is broken (network failure) and next synchronizing its configurable Privacy Zones enhances the. For the Day\/Night mode, It has ICR Movable InfraRed filter with AGC or Automatic Gain Control. The Anti-Flicker technology eliminates the tiring eyes flickering image effect. With the Intelligent Image, AnalysisThis camera needs PoE (802.3af), 12 V DC \/ 710 mA. While the Power consumption is 9.5 W @ PoE (802.3af) and 8.5 W @ 12 V DC. The Compact housing is Aluminum Alloy. Hikvision DS-2CD2T43G2-2I 4MP IP Bullet Camera offers a 01-year warranty.<\/div>\n<\/div>\n<\/section>\n","protected":false},"excerpt":{"rendered":"<h2>Key Features<\/h2>\n<ul>\n<li>Model: DS-2CD2T43G2-2I<\/li>\n<li>High-quality imaging with 4 MP resolution<\/li>\n<li>Efficient H.265+ compression technology<\/li>\n<li>Water and dust resistant (IP67)<\/li>\n<li>Clear imaging against strong backlight due to 120 dB WDR technology<\/li>\n<\/ul>\n","protected":false},"featured_media":3272,"comment_status":"open","ping_status":"closed","template":"","meta":{"site-sidebar-layout":"default","site-content-layout":"","ast-site-content-layout":"default","site-content-style":"default","site-sidebar-style":"default","ast-global-header-display":"","ast-banner-title-visibility":"","ast-main-header-display":"","ast-hfb-above-header-display":"","ast-hfb-below-header-display":"","ast-hfb-mobile-header-display":"","site-post-title":"","ast-breadcrumbs-content":"","ast-featured-img":"","footer-sml-layout":"","theme-transparent-header-meta":"default","adv-header-id-meta":"","stick-header-meta":"","header-above-stick-meta":"","header-main-stick-meta":"","header-below-stick-meta":"","astra-migrate-meta-layouts":"set"},"product_cat":[52,100,51],"product_tag":[247],"class_list":{"0":"post-3271","1":"product","2":"type-product","3":"status-publish","4":"has-post-thumbnail","6":"product_cat-cc-camera","7":"product_cat-hikvision","8":"product_cat-security","9":"product_tag-hikvision","10":"desktop-align-left","11":"tablet-align-left","12":"mobile-align-left","14":"first","15":"instock","16":"shipping-taxable","17":"product-type-simple"},"_links":{"self":[{"href":"https:\/\/cclit.com.bd\/index.php?rest_route=\/wp\/v2\/product\/3271","targetHints":{"allow":["GET"]}}],"collection":[{"href":"https:\/\/cclit.com.bd\/index.php?rest_route=\/wp\/v2\/product"}],"about":[{"href":"https:\/\/cclit.com.bd\/index.php?rest_route=\/wp\/v2\/types\/product"}],"replies":[{"embeddable":true,"href":"https:\/\/cclit.com.bd\/index.php?rest_route=%2Fwp%2Fv2%2Fcomments&post=3271"}],"version-history":[{"count":2,"href":"https:\/\/cclit.com.bd\/index.php?rest_route=\/wp\/v2\/product\/3271\/revisions"}],"predecessor-version":[{"id":3340,"href":"https:\/\/cclit.com.bd\/index.php?rest_route=\/wp\/v2\/product\/3271\/revisions\/3340"}],"wp:featuredmedia":[{"embeddable":true,"href":"https:\/\/cclit.com.bd\/index.php?rest_route=\/wp\/v2\/media\/3272"}],"wp:attachment":[{"href":"https:\/\/cclit.com.bd\/index.php?rest_route=%2Fwp%2Fv2%2Fmedia&parent=3271"}],"wp:term":[{"taxonomy":"product_cat","embeddable":true,"href":"https:\/\/cclit.com.bd\/index.php?rest_route=%2Fwp%2Fv2%2Fproduct_cat&post=3271"},{"taxonomy":"product_tag","embeddable":true,"href":"https:\/\/cclit.com.bd\/index.php?rest_route=%2Fwp%2Fv2%2Fproduct_tag&post=3271"}],"curies":[{"name":"wp","href":"https:\/\/api.w.org\/{rel}","templated":true}]}}